ed by ((-8)/a)/((-10)/120)?
29
Let j(h) = h**2 + 37*h + 307. What is the remainder when j(-8) is divided by 13?
10
Suppose 5*t - 2*a = 750, 180 = 3*t + 2*a - 254. What is the remainder when t is divided by 24?
4
Let g be 1/(-4) - 177/(-4). Let m = g - 29. Suppose -2*j - 4*a = -38, 297*j - 3*a - 102 = 294*j. What is the remainder when j is divided by m?
14
What is the remainder when 1586 is divided by 5/30 - (-685)/30?
22
Suppose 0 = -4*x - 5*l + 437, 3*l = x + 2*x - 294. Calculate the remainder when 511 is divided by x.
99
Let m = -259 + 139. Let a = m - -196. Suppose -2*w - 26 = -3*w. What is the remainder when a is divided by w?
24
Suppose -7*i = -13*i + 9*i. Suppose -5*k - 5*v + 10 = 0, k - 2*v - 3*v - 20 = i. What is the remainder when 51 is divided by k?
1
What is the remainder when 44 is divided by ((-2)/8)/(1349/228 + -6)?
2
Suppose 5*z + 56 = 4*j, -2*j - 2*z = 2*j - 28. Let c(v) = 5*v**2 - 3 - 3*v**2 - 1 - 13*v + v. What is the remainder when c(j) is divided by 13?
11
Suppose 0 = -10*t - 155 + 425. Calculate the remainder when t is divided by 3.
0
Let o(r) = r**3 - r**2 + r - 1. Suppose 0 = -5*h + 1 + 9. Let y be o(h). Suppose -y = -3*v + 28. What is the remainder when 19 is divided by v?
8
Let j(b) = 7*b + 108. What is the remainder when j(15) is divided by 47?
25
Suppose -4*h - h = 15. Let o be 6/45*h*-5. Suppose 66 = d + o*d. Calculate the remainder when 64 is divided by d.
20
Let t = 58 + -55. What is the remainder when 22*1/(-2)*-1 is divided by t?
2
Suppose -t + 11 = p, 2*p + 2*t = p + 13. What is the remainder when (372/16)/(p/24) is divided by 7?
6
Suppose -f + 231 = 4*d, -2*d - f - 168 = -5*d. Suppose d = 5*m - 28. What is the remainder when 48 is divided by m?
14
Let x(u) = -u**2 - 4*u + 7. Let w be x(-5). Suppose w*k + 5 = 3*k. Let l(y) = y**2 - y + 4. What is the remainder when l(k) is divided by 15?
9
Let l = 3 + 6. Suppose -v + 4 = -3*g + 3*v, -16 = 5*g - 2*v. Let z = g + l. What is the remainder when 17 is divided by z?
2
Let i = 51 + -27. What is the remainder when i is divided by (-1)/(-2) - 136/(-16)?
6
Suppose -13 + 5 = -5*q - 2*n, -q + 4 = n. Suppose q = -t + 5 + 3. Suppose 0*c - 66 = -3*c. What is the remainder when c is divided by t?
6
Suppose -16 = -6*h + 32. Calculate the remainder when 109 is divided by h.
5
Let l(w) = w**3 - 2*w**2 + 3*w - 2. Let c be l(2). Let i(y) = -2*y + c*y - 2 + 3. What is the remainder when 10 is divided by i(3)?
3
Let z(o) = -3*o**3 - 3*o**2 - 2*o + 2. Let y be 300/108 - (-2)/9. Let r be z(y). Let k = r + 199. Calculate the remainder when k is divided by 22.
21
Suppose -a - h = -11, 2*h - 3 = -a + 3. What is the remainder when 333 is divided by a?
13
Let b(l) = -l**2 - 8*l + 400. Calculate the remainder when b(-21) is divided by 65.
62
Let q = 72 - 48. Suppose 216*m = 194*m + 330. What is the remainder when q is divided by m?
9
Let n be -5*(2/9 - 706/18). Let m = -110 + n. Calculate the remainder when m is divided by (-2 - 66/(-4))*2.
27
Let o(i) = i**2 - 4*i + 30. Calculate the remainder when o(5) is divided by 35.
0
Suppose 2*f + 5*c - 714 - 585 = 0, -3 = -3*c. What is the remainder when f is divided by 93?
89
Let s(n) = -4*n - 14. Let v(t) = -1. Let f = 4 - 5. Let r(a) = f*s(a) + 3*v(a). What is the remainder when r(6) is divided by 9?
8
Let q be ((-26)/(-5))/((-1)/(-5)). Calculate the remainder when (-2)/(-13) + 906/q is divided by 2/6 + (-52)/(-6).
8
Let w = 3319 + -3190. What is the remainder when w is divided by 38?
15
Let l be (-140)/(-2)*(-1)/(-2)*3. Suppose -11*a - l = -16*a. Calculate the remainder when a is divided by 12.
9
Suppose 0 = 10*m - 4*m + 204. Let n = -18 - m. What is the remainder when 29 is divided by n?
13
Calculate the remainder when (-5 - -7)/(326/324 + -1) is divided by 65.
64
Let u(g) = -g**2 - 22*g - 49. Let d = 31 + -8. Calculate the remainder when u(-9) is divided by d.
22
What is the remainder when 256 is divided by 2 + -8 + 8 + 38 - 3?
34
Calculate the remainder when (-28)/(-6)*90/6 is divided by 19.
13
Suppose -s - 727 = -3*h, 2*h = -18*s + 14*s + 494. What is the remainder when h is divided by 52?
35
Let v = 784 + -777. Calculate the remainder when 21 + (3 + -2)/(-1) is divided by v.
6
Suppose -2*k - 2 = 0, -2*k - 28 = -3*w - 2. Let d(o) = 7 - 3 + w*o - 1. What is the remainder when 72 is divided by d(2)?
15
Let a(g) = 4*g**3 + 3*g - 2. Let x be a(2). Let w be (-8)/x - (-87)/27. Suppose -z + w*z - 34 = 0. What is the remainder when 65 is divided by z?
14
Suppose -5*i + 30 = 5*q, -6*q + 6 = -q - i. Let m(d) = -5*d + 4*d + 0 + 0*d + q. Calculate the remainder when m(0) is divided by 1.
0
Let k(x) = 4*x**2 - 13. Calculate the remainder when 247 is divided by k(5).
73
Let d be 3/4 + (5 - (-57)/(-12)). Suppose -b + 7 = -0*b + 3*v, -b = -3*v - d. Calculate the remainder when 7 is divided by b.
3
Let c(i) = i - 6. Suppose 1 = 2*f - f. What is the remainder when c(9) is divided by f?
0
Suppose -5*w - 50 + 10 = 5*y, 2*y + 3*w + 14 = 0. Calculate the remainder when (-4 - (-2 - 3)) + 12 is divided by 1 - -3 - y/5.
1
Suppose 8 = -2*h + 40. Let x = 8 - h. Let r = 85 + x. What is the remainder when r is divided by 26?
25
Suppose w = -3*w + 120. What is the remainder when (14/3 - 4) + ((-884)/(-6) - 0) is divided by w?
28
Let u = 1 - -17. Let x be 3/6*4 - 0. Suppose -x*i = -3*g + 151, 0 = -2*i + 7 + 1. What is the remainder when g is divided by u?
17
Let i(u) = u**2 - 7*u + 3. Let d be 20/(-2)*(-2)/(-4). Let l be (16/d)/(2/(-5)). Calculate the remainder when i(l) is divided by 7.
4
Suppose 2*w = -4*x + 118, -149 = -5*x - 0*x - 3*w. Suppose -4*r = -0*r - 436. What is the remainder when r is divided by x?
25
Let u be -6*2*21/(-6). Let a = -34 + u. Suppose n = -3*o + 19, n - 2*n + 4*o = -47. What is the remainder when n is divided by a?
7
Calculate the remainder when 1/(-2)*(-84 + (-30)/(-5)) is divided by 6.
3
Let f(q) = q**3 - 6*q**2 + q + 28. What is the remainder when f(8) is divided by 6?
2
Suppose 3*k + 2*k + 140 = 0. What is the remainder when 825/21 - (-8)/k is divided by 7?
4
Suppose 0 = 3*q - 159 - 51. Calculate the remainder when 349 is divided by q.
69
Suppose 0 = -4*u + 5*m + 4804, 38*u + 3603 = 41*u + 3*m. Calculate the remainder when u is divided by 86.
83
Let a be (4/6)/((-3)/(-324)). Suppose -g = -4*g + a. Suppose 2*r - 3*q - 94 = -0*r, -5*r + q = -235. What is the remainder when r is divided by g?
23
Suppose 8*q - 2*q = 432. Let z be (4/8)/(2/q). Suppose 2*a + 291 = 5*l, -5*a + 3 - z = 0. What is the remainder when l is divided by 20?
17
Suppose 0 = -2955*i + 2954*i + 90. Calculate the remainder when i is divided by 7.
6
Suppose 14*t = 16*t - 6. What is the remainder when 63 is divided by 2*(t + (-108)/(-8))?
30
Let q(s) = -s**3 - s**2 - 12*s - 34. What is the remainder when 1099 is divided by q(-3)?
19
Suppose -4*i - 65 = -r - 4*r, -5*i = 2*r - 59. What is the remainder when (-1)/(1/2) + 102 is divided by r?
15
Suppose 5*m - 5*i = 110, -3*m - 5*i = -4*m + 42. Let t(f) = -f**2 + 17*f + 3. Calculate the remainder when 5 is divided by t(m).
2
Suppose -4*w - 26 + 0 = 5*t, 8 = -4*t. Let p(j) = 3*j**2 + 8*j + 1. What is the remainder when p(w) is divided by 11?
6
Let t be 1070/150 + ((-2)/15 - 0). Suppose -42 + 189 = t*j. Calculate the remainder when 80 is divided by j.
17
Suppose 6*u + 998 = 1412. Calculate the remainder when 963 is divided by u.
66
Let w = 701 + -624. Let o = 28 - 15. What is the remainder when w is divided by o?
12
Let u(o) = -o**3 + 49*o**2 - 181*o + 54. What is the remainder when 246/4 + 2/4 is divided by u(45)?
8
Let x(r) = -r**2 - 5*r + 4. Let l be x(-5). Suppose 4*k = -l*u + 120, -2*k - u + 75 = -4*u. What is the remainder when k is divided by 65/130*(1 - -23)?
9
Let a be (-3 - -1)*(-35)/10. Suppose 3*y - 4*u = 10, -2*y - u - a = -32. What is the remainder when 38 is divided by y?
8
Let w = 55 - 26. Suppose 27*z - 29*z + 12 = 0. What is the remainder when w is divided by z?
5
Suppose 4*w - 30 = w. Let x(a) = a**3 + 8*a**2 + 7*a + 6. Let o be 42/4*(-4)/6. What is the remainder when w is divided by x(o)?
4
Let r be -3 + (2 - -3) + -2. Suppose -5*s + 15 = -r*s. Suppose -s*h + 42 - 6 = 0. Calculate the remainder when 23 is divided by h.
11
Suppose -117 + 25 = -2*q. Suppose -8*s = -23 - 57. Calculate the remainder when q is divide